 and 469.
67
What is the greatest common divisor of 5590 and 26?
26
Calculate the highest common divisor of 680 and 4840.
40
What is the greatest common divisor of 52 and 10582?
26
What is the greatest common divisor of 15 and 60?
15
What is the greatest common divisor of 5180 and 1750?
70
What is the greatest common divisor of 7622 and 370?
74
Calculate the highest common factor of 33 and 4125.
33
What is the highest common divisor of 4850 and 776?
194
Calculate the greatest common factor of 51 and 187.
17
Calculate the greatest common divisor of 69 and 2.
1
What is the highest common factor of 8 and 2468?
4
Calculate the highest common divisor of 1 and 74.
1
Calculate the greatest common factor of 14 and 329.
7
What is the highest common factor of 679 and 388?
97
Calculate the greatest common divisor of 22629 and 114.
57
What is the highest common factor of 13 and 2587?
13
Calculate the highest common divisor of 84 and 98.
14
Calculate the highest common divisor of 304 and 988.
76
What is the greatest common divisor of 276 and 6804?
12
What is the greatest common factor of 19 and 1539?
19
What is the greatest common factor of 3 and 1521?
3
What is the highest common factor of 291 and 97?
97
What is the highest common factor of 1505 and 3913?
301
Calculate the highest common divisor of 3348 and 5301.
279
What is the highest common factor of 4284 and 18?
18
What is the greatest common factor of 368 and 32?
16
What is the highest common factor of 68 and 15436?
68
Calculate the greatest common factor of 8 and 24.
8
Calculate the highest common factor of 72 and 1260.
36
What is the greatest common factor of 1107 and 108?
27
Calculate the greatest common factor of 162 and 90.
18
What is the greatest common factor of 644 and 276?
92
What is the greatest common divisor of 26 and 2249?
13
What is the greatest common divisor of 1106 and 14?
14
What is the greatest common divisor of 182 and 1288?
14
Calculate the greatest common divisor of 873 and 18.
9
What is the highest common divisor of 6 and 26?
2
Calculate the greatest common factor of 114 and 1026.
114
Calculate the highest common divisor of 10053 and 9.
9
What is the highest common divisor of 57 and 57?
57
Calculate the highest common factor of 26 and 299.
13
Calculate the highest common factor of 728 and 1001.
91
What is the highest common divisor of 222 and 12?
6
What is the highest common factor of 22 and 154?
22
What is the greatest common divisor of 26 and 416?
26
What is the greatest common factor of 174 and 78?
6
Calculate the highest common factor of 25 and 42475.
25
Calculate the highest common factor of 24 and 60.
12
What is the highest common divisor of 5680 and 60?
20
What is the greatest common factor of 132 and 44?
44
What is the highest common factor of 88528 and 32?
16
What is the greatest common divisor of 7 and 3983?
7
Calculate the highest common factor of 1392 and 1073.
29
Calculate the greatest common divisor of 2 and 32.
2
Calculate the highest common divisor of 310 and 150.
10
What is the highest common factor of 19 and 13414?
19
What is the highest common divisor of 88 and 2156?
44
Calculate the greatest common factor of 374 and 46937.
187
Calculate the highest common factor of 1711 and 59.
59
What is the greatest common factor of 480 and 615?
15
What is the greatest common divisor of 340 and 40?
20
Calculate the highest common factor of 1083 and 855.
57
What is the highest common factor of 12528 and 396?
36
Calculate the highest common divisor of 32 and 832.
32
What is the greatest common divisor of 156 and 66222?
78
What is the greatest common factor of 96 and 7608?
24
What is the greatest common divisor of 205 and 5?
5
Calculate the highest common divisor of 4 and 18.
2
What is the highest common divisor of 34 and 119?
17
Calculate the highest common divisor of 142 and 5183.
71
What is the greatest common factor of 1557 and 1384?
173
What is the highest common factor of 49 and 77?
7
Calculate the greatest common divisor of 27 and 1890.
27
What is the greatest common divisor of 36 and 96?
12
Calculate the highest common divisor of 1494 and 234.
18
Calculate the greatest common factor of 33 and 275.
11
Calculate the greatest common factor of 14 and 224.
14
What is the greatest common divisor of 3 and 447?
3
What is the greatest common divisor of 200 and 940?
20
Calculate the greatest common factor of 26524 and 152.
76
What is the greatest common factor of 32 and 1808?
16
Calculate the highest common factor of 2 and 9.
1
What is the greatest common factor of 68 and 212?
4
Calculate the highest common divisor of 384 and 20224.
128
Calculate the highest common divisor of 17 and 13.
1
Calculate the highest common factor of 230 and 3358.
46
Calculate the highest common factor of 26 and 104.
26
Calculate the greatest common factor of 182 and 154.
14
Calculate the highest common factor of 7 and 2219.
7
What is the greatest common factor of 365 and 292?
73
What is the greatest common divisor of 17 and 17?
17
Calculate the highest common divisor of 220 and 33.
11
What is the greatest common divisor of 110 and 230?
10
Calculate the greatest common divisor of 235 and 450.
5
Calculate the highest common divisor of 2 and 538.
2
Calculate the greatest common factor of 784 and 2646.
98
What is the highest common factor of 7453 and 58?
29
What is the greatest common factor of 4 and 202?
2
Calculate the greatest common divisor of 224 and 1232.
112
What is the greatest common divisor of 72 and 423?
9
What is the highest common factor of 51 and 3264?
51
What is the highest common divisor of 1494 and 36?
18
What is the greatest common factor of 1102 and 290?
58
Calculate the greatest common factor of 46 and 253.
23
What is the greatest common divisor of 147 and 3?
3
What is the greatest common divisor of 92 and 575?
23
What is the greatest common divisor of 7 and 847?
7
Calculate the greatest common factor of 296 and 7844.
148
Calculate the greatest common divisor of 18 and 7146.
18
Calculate the greatest common divisor of 1414 and 8.
2
Calculate the greatest common divisor of 70 and 175.
35
Calculate the greatest common factor of 17 and 629.
17
Calculate the highest common factor of 3969 and 108.
27
What is the highest common divisor of 12 and 116?
4
Calculate the greatest common divisor of 3 and 2592.
3
What is the greatest common divisor of 116 and 34220?
116
Calculate the highest common factor of 57 and 912.
57
Calculate the greatest common factor of 4263 and 696.
87
What is the highest common divisor of 10164 and 693?
231
What is the highest common factor of 6973 and 57?
19
Calculate the greatest common factor of 30 and 1020.
30
What is the greatest common divisor of 1 and 1?
1
What is the greatest common divisor of 216 and 10584?
216
What is the highest common divisor of 12 and 12?
12
What is the highest common divisor of 34 and 5542?
34
What is the greatest common factor of 81 and 207?
9
What is the greatest common divisor of 72 and 296?
8
What is the greatest common factor of 121353 and 57?
57
Calculate the highest common divisor of 6526 and 26.
26
Calculate the greatest common factor of 1734 and 102.
102
Calculate the greatest common factor of 4025 and 46.
23
Calculate the highest common factor of 45 and 10215.
45
What is the greatest common factor of 10 and 310?
10
Calculate the highest common divisor of 16 and 1728.
16
What is the greatest common factor of 28 and 644?
28
What is the highest common divisor of 32 and 728?
8
What is the greatest common divisor of 5 and 17?
1
Calculate the highest common factor of 182 and 26481.
91
What is the greatest common divisor of 126 and 406?
14
What is the greatest common factor of 20 and 250?
10
What is the greatest common divisor of 80 and 5328?
16
What is the highest common divisor of 1581 and 85?
17
What is the highest common factor of 96 and 32000?
32
Calculate the highest common divisor of 50 and 4350.
50
Calculate the greatest common factor of 448 and 64.
64
Calculate the greatest common factor of 2640 and 54.
6
What is the greatest common divisor of 2280 and 76?
76
What is the greatest common divisor of 4288 and 335?
67
Calculate the highest common divisor of 19 and 703.
19
Calculate the highest common factor of 17061 and 282.
1